552833 a prime number?
False
Is 633823909 composite?
True
Is 39307372603 prime?
True
Is 8608153907 a composite number?
False
Is 4922389271 a prime number?
False
Is 59703107 prime?
False
Is 10676293491 a composite number?
True
Is 1932900037 a composite number?
False
Is 271013451341 a composite number?
False
Is 1576335991 composite?
True
Is 24245133769 a composite number?
False
Is 1285999087 composite?
True
Is 31649491739 a composite number?
False
Is 3553601 composite?
False
Is 17413312877 a composite number?
True
Is 12054678239 composite?
False
Is 29928462167 a composite number?
False
Is 11445113021 a prime number?
False
Is 5289464281 prime?
True
Is 8105725099 composite?
False
Is 7994712415 a composite number?
True
Is 15120599777 prime?
True
Is 66745206943 a composite number?
True
Is 3847162153 a prime number?
False
Is 974565589 a prime number?
True
Is 91767329 prime?
True
Is 913272509 a composite number?
False
Is 685890685 a prime number?
False
Is 1000535381 a composite number?
False
Is 573948938 a prime number?
False
Is 5833537 a composite number?
False
Is 1492909469 a composite number?
True
Is 5537240569 composite?
True
Is 810526259 a prime number?
False
Is 119773679 composite?
False
Is 19177845515 composite?
True
Is 2426448379 a prime number?
False
Is 19922751497 a composite number?
True
Is 1998678439 a prime number?
True
Is 6302042371 a prime number?
True
Is 224915557 composite?
True
Is 41364566491 prime?
True
Is 4851985063 a composite number?
False
Is 1479637891 a prime number?
False
Is 650128946 prime?
False
Is 19592096177 a composite number?
False
Is 1243550701 a composite number?
False
Is 6236195813 prime?
False
Is 1839059741 a prime number?
True
Is 462737453 a composite number?
True
Is 1955697047 a prime number?
True
Is 2841429671 a composite number?
False
Is 1132432913 prime?
True
Is 959342437 composite?
True
Is 234371797315 a prime number?
False
Is 2421433081 a composite number?
False
Is 342939263 composite?
True
Is 1387898107 composite?
True
Is 3458455345 composite?
True
Is 18921668273 a prime number?
True
Is 765091009 composite?
True
Is 50739805 a composite number?
True
Is 712722989 composite?
True
Is 10371297467 a prime number?
True
Is 481292953 a composite number?
True
Is 3509352841 a composite number?
False
Is 29634855359 a prime number?
False
Is 189339901 a composite number?
False
Is 1403413997 a composite number?
False
Is 516078883 prime?
False
Is 112223862403 prime?
False
Is 16004188691 a composite number?
True
Is 16685752971 prime?
False
Is 3478504679 composite?
True
Is 17062637037 composite?
True
Is 13472902 composite?
True
Is 120147865 a prime number?
False
Is 1575938795 a prime number?
False
Is 57645556805 a prime number?
False
Is 6779350603 a prime number?
False
Is 45632465629 a composite number?
True
Is 166004843 prime?
False
Is 44457700387 prime?
False
Is 20541539677 composite?
False
Is 41188423853 composite?
True
Is 1874329549 a prime number?
True
Is 640027021 prime?
True
Is 700195739 a composite number?
True
Is 1548017431 prime?
False
Is 14273584939 prime?
True
Is 11736345433 prime?
True
Is 728979203 composite?
False
Is 209567581 a composite number?
False
Is 1382115647 a prime number?
False
Is 12809062421 a composite number?
True
Is 3957883931 a prime number?
True
Is 866001041 a prime number?
True
Is 2638514293 prime?
False
Is 2628446333 a composite number?
True
Is 154355797 a composite number?
False
Is 1805853037 composite?
True
Is 81689311 a prime number?
False
Is 7923735731 a prime number?
True
Is 54162253 a prime number?
True
Is 1318585999 a composite number?
False
Is 9096026501 a prime number?
True
Is 903429151 prime?
False
Is 5140457869 a prime number?
True
Is 1307253151 composite?
False
Is 122993338813 a composite number?
False
Is 1582034243 a prime number?
False
Is 205242253 a composite number?
False
Is 15524645263 composite?
True
Is 535406357 a composite number?
True
Is 1274370541 prime?
False
Is 7668550963 composite?
False
Is 8288644657 composite?
True
Is 715756111 composite?
True
Is 16629583561 prime?
True
Is 28323579127 composite?
True
Is 609460718 prime?
False
Is 40645612487 a composite number?
False
Is 371723609 prime?
False
Is 1062659947 a prime number?
True
Is 88090903 a composite number?
True
Is 698114467 composite?
False
Is 639798371 composite?
False
Is 1786320803 a composite number?
True
Is 4488564041 composite?
True
Is 131018177 composite?
False
Is 26455225463 a composite number?
False
Is 54567137 composite?
False
Is 24400130761 a composite number?
False
Is 4571197243 composite?
False
Is 20674561898 a composite number?
True
Is 336720157 composite?
False
Is 199089014 a prime number?
False
Is 6687906791 a composite number?
True
Is 7902205729 composite?
True
Is 44357886841 a prime number?
True
Is 8633153 a composite number?
True
Is 337126431 composite?
True
Is 36402046031 prime?
False
Is 5272675909 prime?
True
Is 484935391 prime?
False
Is 974659837 a prime number?
True
Is 106458621287 prime?
True
Is 2499053099 prime?
False
Is 7310103429 prime?
False
Is 265263343 a prime number?
False
Is 627465379 a composite number?
False
Is 136914707 a composite number?
True
Is 2265573397 composite?
False
Is 139384426897 prime?
True
Is 373316191 a composite number?
False
Is 6395621926 prime?
False
Is 7715720141 prime?
True
Is 3863464057 a composite number?
True
Is 1256164519 a prime number?
False
Is 24472570819 composite?
False
Is 742014479 composite?
True
Is 1811434585 a prime number?
False
Is 722059291 a composite number?
True
Is 7922059 a composite number?
False
Is 7175299003 a prime number?
True
Is 1094514007 a prime number?
True
Is 21091965703 composite?
True
Is 16699308217 composite?
True
Is 2581522007 a prime number?
True
Is 4689733667 a prime number?
True
Is 2812860173 composite?
False
Is 634926703 prime?
False
Is 981340603 a prime number?
False
Is 6742271243 a composite number?
True
Is 774647771 a composite number?
True
Is 47571808187 prime?
False
Is 889539727 a prime number?
True
Is 165461415601 a prime number?
True
Is 15412978547 a composite number?
False
Is 54930534119 prime?
False
Is 5895713963 composite?
False
Is 569930393 a prime number?
True
Is 112975103 a prime number?
False
Is 25492931573 a prime number?
True
Is 949503493 a prime number?
True
Is 51218423137 prime?
False
Is 10264603979 composite?
True
Is 4237274491 composite?
False
Is 8542898621 a prime number?
False
Is 11319875249 prime?
True
Is 19031698661 a composite number?
False
Is 2333678839 composite?
False
Is 44145283447 prime?
True
Is 9599238277 prime?
False
Is 8082567313 a prime number?
True
Is 22782239871 a composite number?
True
Is 557257817 composite?
False
Is 1836398849 prime?
False
Is 9750635227 a prime number?
False
Is 3471612401 composite?
False
Is 2574152803 a composite number?
True
Is 707731237 prime?
True
Is 1015550819 a composite number?
True
Is 23070630071 a prime number?
False
Is 866460733 a composite number?
False
Is 46154839847 prime?
True
Is 4061900677 prime?
False
Is 503923471 a prime number?
True
Is 21023470769 composite?
True
Is 3120691789 composite?
False
Is 1445012941 prime?
True
Is 1352393429 a prime number?
True
Is 23466172277 a composite number?
False
Is 913286371 composite?
False
Is 106591447 a composite number?
False
Is 1792840243 composite?
False
Is 418411087 a prime number?
False
Is 374850797 prime?
True
Is 3099774677 a prime number?
True
Is 988433663 a composite number?
True
Is 175150023091 a prime number?
True
Is 1019796529 prime?
False
Is 217139369 composite?
False
Is 13620281881 composite?
False
Is 163965115387 composite?
False
Is 104669007749 a composite number?
True
Is 70599063641 composite?
True
Is 2120375659 composite?
False
Is 103867047941 a prime number?
True
Is 11796531259 prime?
True
Is 2426908235 a prime number?
False
Is 2653018573 prime?
True
Is 21772784123 composite?
False
Is 3123216683 a prime number?
False
Is 25819047689 composite?
True
Is 2101447927 a composite number?
True
Is 32793329 prime?
True
Is 4245868951 prime?
False
Is 1147890839 a prime number?
True
Is 42640630337 prime?
False
Is 12721117 prime?
False
Is 109996363 a prime number?
False
Is 3402440989 composite?
False
Is 701255311 composite?
True
Is 870049123 a prime number?
False
Is 6228010849 prime?
True
Is 71603107 a prime numbe